he prime factors of r?
2, 1153
Suppose -4*k + 15 = -7*k. Suppose -12*z = -43 - 65. Let b = z + k. What are the prime factors of b?
2
Let m = 2063 + -1459. What are the prime factors of m?
2, 151
Let z be 24/10 + (-4)/10. Let b = 58 - 51. Suppose b*o - 20 = z*o. What are the prime factors of o?
2
Let z(g) be the first derivative of -g**4/12 + 7*g**3/6 + 3*g**2/2 + 6*g - 5. Let i(b) be the first derivative of z(b). What are the prime factors of i(7)?
3
List the prime factors of -1 + 3*(-9)/((-27)/316).
3, 5, 7
Let g(o) = 4*o - 1. Let m be g(1). Suppose m*y - 8*y = -20. What are the prime factors of y?
2
Suppose -3*t = 3, 10 - 2 = a - 3*t. Suppose -a*b = -2*g + 19, -4*b = g + b - 2. What are the prime factors of g?
7
Let o = 301 + -144. Suppose w - 3*c = 3*w - 89, -4*w + o = -c. List the prime factors of ((-32)/w)/((-2)/145).
2, 29
Let p = -612 + 949. What are the prime factors of p?
337
Let p(i) = -304*i - 4. Let j be p(5). Let v = j - -981. List the prime factors of v/(-18) + (-1)/6.
2, 3, 5
Let g = 51 + -49. Let d(l) = l + 7 - 2 + 3 - 2. List the prime factors of d(g).
2
Let r = 183 + 408. What are the prime factors of r?
3, 197
Let d = -11 - -11. Let t(x) = 2*x + 16. Let h be t(0). Suppose d = -z + h. What are the prime factors of z?
2
Let x = -931 - -1929. List the prime factors of x.
2, 499
Suppose -278 = -9*g + 2080. What are the prime factors of g?
2, 131
Let u(t) = t**3 - t**2 + 123. Let j be u(0). Let d(h) = -h**2 - 7*h - 81. Let r be d(0). Let a = j + r. What are the prime factors of a?
2, 3, 7
Let p(f) = 20*f + 186. List the prime factors of p(18).
2, 3, 7, 13
Let v = -671 + 1467. What are the prime factors of v?
2, 199
List the prime factors of 346/(-3287) - (-60614)/38.
5, 11, 29
Let r = 25 + -13. Suppose -2*j - r = -j. List the prime factors of (-340)/(-13) + j/78.
2, 13
Suppose 3 = k - 3. Let c = k + 8. What are the prime factors of (-7)/c*(-30 - 0)?
3, 5
Let n = -283 + 495. Suppose 5*f = u + 382, 600 - n = 5*f + u. What are the prime factors of f?
7, 11
What are the prime factors of ((-102)/42 - -3) + 11934/14?
853
Let j(z) = z**3 + 13*z**2 + 11*z + 37. Let c be j(-12). Suppose 2*r = -3*x + 63 + c, 4*x = 3*r - 185. List the prime factors of r.
59
Suppose 0 = k - 2, 20*j - 17*j = -5*k + 412. List the prime factors of j.
2, 67
Suppose 0 = -k - 4, g = -k - 2*k + 7. Suppose -g + 11 = -y. Suppose 0 = -13*m + y*m + 75. What are the prime factors of m?
3, 5
Let j(q) = -q**2 + q - 1. Let u be j(0). Let m = -190 - -193. Let d = m - u. What are the prime factors of d?
2
Suppose -18*g + 20*g + 6 = 0. Let p(v) = 3*v**2 - v + 1. What are the prime factors of p(g)?
31
Suppose -4*u = 1211 - 3823. What are the prime factors of u?
653
Suppose 4*h = 4*x, 0 = -3*x + 3*h - h. Suppose x = 15*b - 14*b - 19. Let f = -8 + b. List the prime factors of f.
11
Let i be 12/(-10)*((-12)/(-8) + -4). List the prime factors of -3*111/(-9)*i/3.
37
Suppose 0 = -60*n + 17844 - 2904. List the prime factors of n.
3, 83
Suppose -2*a = -3*r - 3, 0 = 2*r + r - 3. Suppose t - a*t = -c - 108, -204 = -4*t - c. Let p = t - 13. What are the prime factors of p?
3, 13
Suppose 4*q - 3*q - v = 3, 5*v = 3*q - 17. Let d be 1/((3/255)/q). Let g = d - -146. List the prime factors of g.
61
Let a(f) = f**2 - 5*f - 20. Let d be a(10). Let m = 19 + d. List the prime factors of m.
7
Let z(l) = 3*l**2 - 3*l + 246. List the prime factors of z(0).
2, 3, 41
Suppose 0 = -r - 4*f + 4, 88 = 4*r + r + 3*f. What are the prime factors of r?
2, 5
Let h(j) = 3*j**2 + 2. Let u be h(-2). Let w = 28 - u. Let t = w + -11. List the prime factors of t.
3
Let i = 13 + -15. Let c be (0/2)/(4/i). Suppose c = -5*w + 54 + 71. What are the prime factors of w?
5
Suppose -5*y = -2*y - 141. Suppose y = 2*p - 283. What are the prime factors of p?
3, 5, 11
Let s(d) = -d**2 + 13*d + 25. Let k be s(12). Suppose -84 = -n - k. List the prime factors of n.
47
Let c(y) = 7*y**3 + 3*y**2 + 19*y - 63. What are the prime factors of c(7)?
2, 7, 11, 17
List the prime factors of (3 - (0 - 2)) + (2715 - 1).
2719
What are the prime factors of -1 + 38/34 + (-299690)/(-170)?
41, 43
Let s = -29 - -31. Suppose -2*p + s = -g + 14, 9 = -3*p. What are the prime factors of g?
2, 3
Let p = 235 - 364. Let s = 227 + p. What are the prime factors of s?
2, 7
Let d(s) = -20*s + 14. Let v be d(-4). Let u = v - 39. What are the prime factors of u?
5, 11
Let m(w) = w - 1. Let h(v) = -4*v + 30. Let d(z) = h(z) + 5*m(z). Let g = -141 + 141. What are the prime factors of d(g)?
5
Let y(c) = -38*c + 44. Let j(m) = -5*m - 73. Let o be j(-13). What are the prime factors of y(o)?
2, 3, 29
Let g = -19 - -19. Suppose -3*f + 2*v + 668 = 0, 4*f + 4*v - 848 - 56 = g. Suppose -4*h - 24 = -f. List the prime factors of h.
2, 5
Let v(w) = -8*w + 29. Let k be v(3). Suppose -k*h + 6*h - 254 = 0. What are the prime factors of h?
2, 127
Let v(k) = 7 + 5*k + 2*k**2 + 1 + 2*k. Let d(a) = -a**2 + 1. Let l(i) = -3*d(i) + v(i). List the prime factors of l(-4).
3, 19
Suppose 4 = 17*j - 16*j. Suppose 431 = 5*y - 4*c, j*y - 340 = 2*c - 0*c. List the prime factors of y.
83
Suppose -9*t + h + 325 = -5*t, 82 = t - h. What are the prime factors of t?
3
Suppose -3*m + 784 = 2*g, 3*g - 6*m + 11*m - 1177 = 0. Let n = g + -187. What are the prime factors of n?
2, 101
Suppose 0 = g - 1 - 1. Suppose g*t - w + 4*w = 87, t - 47 = -5*w. What are the prime factors of t?
2, 3, 7
Suppose y = -s + 13, 0*s + 5*s + y = 77. Let p be (s/(-12))/((-2)/36). Suppose 27 = 3*i - p. What are the prime factors of i?
17
Let d(c) = 969*c - 8. Let h be d(-19). Let w = -13115 - h. List the prime factors of (-2)/5 + w/85.
2, 31
Suppose -418*q = 3*s - 419*q - 216, -4*s = -3*q - 293. What are the prime factors of s?
71
List the prime factors of 3 - (-8388)/14 - (-1)/(-7).
2, 7, 43
Let w(g) = 16*g**3 - g**2 + 2*g - 2. Let y be w(2). Suppose -5*h + 168 = 5*a - a, 3*h = -3*a + y. Suppose -a = -3*t + 48. List the prime factors of t.
2, 3, 5
Let d(i) = i**2 + 9*i + 36. Let r(z) = 5*z**2 + 44*z + 181. Let u(y) = 11*d(y) - 2*r(y). What are the prime factors of u(-8)?
2, 5
Let n(q) = 2*q**2 - 12*q + 1. Suppose -4 = -r + 2. Let t be n(r). Suppose 2*h - 5*m - 10 = -t, 0 = -2*h - m + 27. List the prime factors of h.
2, 3
Suppose 4*f + 11 = 1303. List the prime factors of f.
17, 19
Let x = -22 + 16. Let n = 14 + x. List the prime factors of ((-44)/n)/(2/(-8)).
2, 11
Let h be (0 - 3) + -4 + 13. Let x(m) = m**3 - 4*m**2 + 2*m + 8. List the prime factors of x(h).
2, 23
Let g = 1 + 2. Suppose 1 = -y, h + g*y - 17 = -4*h. Suppose 28 + 36 = h*m. List the prime factors of m.
2
Let b = 10735 + -6777. List the prime factors of b.
2, 1979
Let m be 4/(-30) + 64/30. Suppose m*i = -2*i - 8, -i - 120 = 2*r. Let n = r - -87. List the prime factors of n.
2, 7
Let z(d) = d**3 - 29*d**2 + 79*d + 22. What are the prime factors of z(28)?
2, 5, 29
Suppose 5*b + 2*z - 3796 = 0, 3*z = -3*b + 1819 + 464. What are the prime factors of b?
2, 379
Suppose 2*t - 4*g = 1106, -4*t + 2227 = -4*g - g. What are the prime factors of t?
563
Suppose -118*w = -119*w + 449. List the prime factors of w.
449
Suppose 6*x = 2*x + 16. Suppose x*o - 128 = -0*o. What are the prime factors of o?
2
Let k(i) = -i**3 + 16*i**2 + 16*i + 22. Let t be k(17). Suppose 0 = t*h + 3*r - 380, 4*h - r + 0*r = 287. List the prime factors of h.
73
Let s(t) = -44*t + 31. What are the prime factors of s(-8)?
383
Suppose 4*f = 5*c + 4351 - 455, 0 = -5*f - 4*c + 4829. What are the prime factors of f?
3, 17, 19
Suppose 2*p + 1 = -3. Let j(n) = -5*n**2 + 1. Let b be j(1). List the prime factors of 92/8 - p/b.
11
Suppose 3*k + 18 = 78. Let j = -11 + k. List the prime factors of j.
3
Let z be (-9)/(1 + 18/(-15)). Let f be (-1)/5 + 99/z. Suppose -4*h + 52 = -f*h. What are the prime factors of h?
2, 13
Let u be (-10)/3*(11988/(-45))/6. Let d = 10 + -6. Suppose -d*k + u = -0*k. What are the prime factors of k?
37
Let w(i) be the first derivative of 17*i**2 + 2*i - 18. List the prime factors of w(2).
2, 5, 7
Suppose 7*y - 3*y = 3*h + 10700, -4*y - 2*h = -10720. What are the prime factors of y?
2, 13, 103
Let x = -120 - -180. Let a = 128 - x. What are the prime factors of a?
2, 17
Let w = 472 + -302. What are the prime factors of w?
2, 5, 17
Suppose 0 = -608*r + 611*r - 4596. List the prime